 is the remainder when u(0) is divided by c(0)?
8
Calculate the remainder when 398 is divided by -4 - (2/3)/(7 - 9714/1386).
33
Let n(v) = -27*v - 1917. Calculate the remainder when n(-75) is divided by 32.
12
Let n be (-4)/8*(3 + -2 + -21). Calculate the remainder when 142 is divided by (-5)/50*-4 + 366/n.
31
Let t(d) = 12*d - 73. Let w(s) = 6*s - 30. Let z be w(6). Let f be t(z). What is the remainder when (-360)/(-10) - (f - (2 - 2)) is divided by 19?
18
Let u = 20160 - 20090. What is the remainder when 4968 is divided by u?
68
Suppose -748 + 28 = 17*v - 47*v. What is the remainder when 3549 is divided by v?
21
Suppose -3*f = -2*d + 76, -4*d + 7*d - 2*f = 119. Let a(b) = 6*b - 213. What is the remainder when 117 is divided by a(d)?
18
Let u = -651 - -1272. Let p = -370 + u. Calculate the remainder when p is divided by 42.
41
Suppose -h = -152*s + 155*s - 10, -3*h = 4*s - 10. What is the remainder when 31/(s/(28/7)) is divided by 23?
8
Let r(q) = -q**3 + 36*q**2 + 33*q + 178. Let m(k) = 16*k**3 + 1. Calculate the remainder when r(37) is divided by m(1).
13
Suppose 29*q - 24*q = -535. Let i = 112 + q. Calculate the remainder when i is divided by 2.
1
Suppose -32*w - 66*w + 3626 = 0. What is the remainder when 250 is divided by w?
28
Suppose 4*x + 30 = 3*v, -2*v + 20 = x + x. Let t = v - -13. Let i = 853 - 788. What is the remainder when i is divided by t?
19
Let q = -149 + 593. Calculate the remainder when q is divided by 138.
30
Suppose -15834 = -96*v + 8818 + 24212. What is the remainder when v is divided by 234?
41
Suppose -35*y + 80*y + 47*y - 314732 = 0. Calculate the remainder when y is divided by 163.
161
Let u = 26472 + -26454. What is the remainder when 4365 is divided by u?
9
Let o = 34 + -29. Suppose -5*y - o = -75. Suppose 83*d = 87*d - 272. Calculate the remainder when d is divided by y.
12
Let s(n) = -n**2 - 7*n - 8. Let z be s(-2). Let w(m) = -m**2 + 11*m + 3. Calculate the remainder when w(z) is divided by 12.
9
Let c = 38 - 184. Let q = -110 - c. What is the remainder when q is divided by 13?
10
Suppose -6*c = x - 4*c - 2, -18 = -4*x - 3*c. Suppose x*f - 16*f = -1850. Calculate the remainder when f is divided by 19.
14
Suppose -2*m + 5*y - 7 = 0, -4*m - y + 6 + 35 = 0. Suppose -2*q + 7 = -477. Suppose -442 = -18*i + q. What is the remainder when i is divided by m?
2
Let h = -1192 - -1294. Calculate the remainder when 361 is divided by h.
55
Let j(r) = -4*r**2 + 70*r - 34. What is the remainder when 864 is divided by j(13)?
64
Let u = -70 + 322. Calculate the remainder when u is divided by 23.
22
Suppose 2*n = 41 - 7. Calculate the remainder when (-1 + 8 - -86)/1 is divided by n.
8
Suppose -1 + 2 = a - 2*r, -2*a + 2*r + 8 = 0. Suppose 1 - 6 = 5*b. What is the remainder when (3/3)/b - -20 is divided by a?
5
Suppose 0 = 2*j + 2*b - 168, 4*j = 5*b + 318 + 18. Calculate the remainder when 3275 is divided by j.
83
Let u(s) = 16*s**3 + 4*s**2 - s - 4. Calculate the remainder when u(2) is divided by (6/(-1) - (-4 - -18 - 61)) + 3.
6
Suppose p - 3 = 1. Let o(m) = m**2 - 2*m - 4. Let n(q) = 3*q**2 + 29*q + 89. What is the remainder when n(-5) is divided by o(p)?
3
Calculate the remainder when 556 is divided by (65 + -62)/((-12)/(-428)).
21
Let v = -8337 + 8586. Calculate the remainder when 15188 is divided by v.
248
Suppose -91*v + 37*v + 53838 = 0. What is the remainder when 1014 is divided by v?
17
Let i = -8607 + 8854. What is the remainder when i is divided by 23?
17
Suppose 80*f + 121*f - 364511 = 28*f. What is the remainder when f is divided by 31?
30
Let b(j) = -58*j - 80. What is the remainder when b(-6) is divided by 34?
30
Suppose 0 = -8*o + 81 + 359. Suppose -7*u = -11*u - 5*r + 229, r + o = u. What is the remainder when 556 is divided by u?
52
Let r = -14798 - -14854. Let b(k) = -219*k - 1. Calculate the remainder when b(-1) is divided by r.
50
Calculate the remainder when 827 is divided by (720/110 - 6)/((-9)/(-165)).
7
Suppose -20 = -4*t, -2*u - 1 = -t + 4. What is the remainder when 6/(u + -1) - -133 is divided by 16?
15
Let a = -8 + 23. Suppose 72 = d - 19*d. Calculate the remainder when (57/d)/((-1)/4) is divided by a.
12
Suppose -u = -2*x - 145 - 14, -4*x = -8. Suppose 2*k - u = -3*z, 3*z - k = 118 + 30. What is the remainder when z is divided by 27?
24
Let p be (8 - 0)/((-2)/(-3)). Suppose -3*b - 82 + 250 = 0. Suppose 3*z - p = 0, -3*s - z + 29 + b = 0. What is the remainder when 105 is divided by s?
24
Suppose -3776 = -1062*b + 1046*b. Calculate the remainder when b is divided by -3 + (6/(-10))/((-1)/30).
11
Suppose 3*a = -5*u - 9, 0 = 6*u - 3*u + 4*a + 1. What is the remainder when u + (90 - (-6)/(-2)) is divided by 44?
40
Let w(v) = 10*v. Suppose u - 6 + 33 = 0. Let h = -4 - u. What is the remainder when w(9) is divided by h?
21
Suppose 117 = 3*p - 258. Suppose 918626 - 917570 = 33*t. What is the remainder when p is divided by t?
29
Suppose 8*a = -58 - 22. Let j = -2 - a. Calculate the remainder when 10/10 - 1*-21 is divided by j.
6
Let t(f) = 2*f**2 + 6*f - 34. Calculate the remainder when t(6) is divided by ((-114)/8)/((-1190)/(-112) + -11).
36
Let c(f) = f**3 + 8*f**2 - 15*f + 12. What is the remainder when c(-7) is divided by 4?
2
What is the remainder when 70 is divided by 6 + (6/1 - -17)?
12
Calculate the remainder when 4827 is divided by (-560)/(-30)*9 + 1*-7.
158
Let v(i) = 19*i + 44. Let z = -201 + 207. What is the remainder when v(z) is divided by 33?
26
Suppose 0 = -2*m - 4*g + 16 + 4, m - g = -5. Suppose 54*q - 6*q - 1008 = m. Calculate the remainder when 83 is divided by q.
20
Let a = -155 - -153. Let u = 10 - a. What is the remainder when 115 is divided by u?
7
Suppose -22*j = -23*j - 79. Let l = j + 142. Suppose 8 = -5*n + 88. Calculate the remainder when l is divided by n.
15
Let o(v) = v**2 + v - 194. Let d = -43 - -86. What is the remainder when d is divided by o(-15)?
11
Let m(s) = -321*s + 1679. Let z = 29 + 3. What is the remainder when m(5) is divided by z?
10
Suppose g + 582 = 588. Suppose 3*n - 122 + 11 = 0. Calculate the remainder when n is divided by g.
1
Let c = -219 + 405. Suppose -683 = -100*s + 1317. Let j = c - s. What is the remainder when j is divided by 34?
30
Suppose 0 = 3*p - 1391 + 1022. What is the remainder when p is divided by (5 - 4)*-1*2 + 27?
23
Let c = 14687 + -14394. What is the remainder when 306 is divided by c?
13
Suppose 0 = 18*l - 12*l - 252. Let s = 74 - l. Let x = 53 - s. Calculate the remainder when x is divided by 7.
0
Let k(b) = 34*b**2 - b - 4. Let y be 24/(-14) + (-4)/14. What is the remainder when k(y) is divided by 23?
19
Let c be (-66)/10 - (-4)/(-10). Let y(n) be the second derivative of -n**3/6 + 2*n**2 - 14*n. What is the remainder when y(c) is divided by 3?
2
What is the remainder when ((130/4)/13)/((-5)/(-370)) is divided by (20 + (-4)/(-4))*3?
59
Let a = 51 + -5. Let o = a - 30. What is the remainder when 95 is divided by o?
15
Suppose -4*k + 63597 = 8*k + 5*k. What is the remainder when k is divided by 78?
75
Let t(y) = 21*y - 12. Let w be t(34). Suppose -278*h + w = -272*h. Suppose -123 + 23 = -5*l. What is the remainder when h is divided by l?
17
Let z(s) = -7*s + 27. Let c be z(3). Suppose n - 11 = -2*b + c, 5*n = 3*b + 98. What is the remainder when (-8 - -102) + 4/(-2) is divided by n?
16
Calculate the remainder when (1 + 45)*(-1633)/(-46) is divided by 395.
53
Let n be 2 + -10 + 3/6*-6. What is the remainder when -5 - (-6 + 16)*n is divided by 27?
24
Let v(p) = p**2 - 261*p - 1582. What is the remainder when 10058 is divided by v(-6)?
18
Let h(t) = -17*t - 128. Let w be h(-9). Let q = 29 - w. What is the remainder when 62 is divided by q?
2
Let n(w) = w**3 + 3*w**2 - 3*w - 2. Let g be n(-3). Suppose -2*d - 4*c = -56, 2*d - 28 = 3*c - 0*c. What is the remainder when d is divided by (g - 2)*108/45?
8
Let o(k) = 34*k + 222. What is the remainder when 408 is divided by o(-5)?
44
Let o = 3427 - 3414. Calculate the remainder when 15 is divided by o.
2
Suppose 610*k - 606*k + 4*l - 14688 = 0, 2*l - 18354 = -5*k. Calculate the remainder when k is divided by 16.
6
Suppose -35*k = 31*k - 18*k - 3168. Calculate the remainder when 129 is divided by k.
63
Let o = -19 + 54. What is the remainder when (-10)/o + (-298)/(-14) is divided by 10?
1
Suppose 